{"id":126,"date":"2010-10-25T23:14:18","date_gmt":"2010-10-25T21:14:18","guid":{"rendered":"http:\/\/www.sb-pottenstein.de\/?page_id=126"},"modified":"2022-08-24T11:24:18","modified_gmt":"2022-08-24T09:24:18","slug":"tod-und-sterben","status":"publish","type":"page","link":"https:\/\/wp.patrick-pospischil.de\/sbpottenstein\/wie-kann-ich\/tod-und-sterben\/","title":{"rendered":"Tod und Sterben"},"content":{"rendered":"<h2>Mit Sterben,Tod und der Beerdigung eines Menschen umgehen?<\/h2>\n<p><a href=\"http:\/\/wp.patrick-pospischil.de\/sbpottenstein\/wp-content\/uploads\/sites\/3\/2010\/10\/70691629679271462225_166.jpg\"><img loading=\"lazy\" decoding=\"async\" class=\"aligncenter size-full wp-image-159\" title=\"Tod\" src=\"https:\/\/wp.patrick-pospischil.de\/sbpottenstein\/wp-content\/uploads\/sites\/3\/2010\/10\/70691629679271462225_166.jpg\" alt=\"\" width=\"166\" height=\"200\" \/><\/a><\/p>\n<p>Der Tod eines Menschen bringt vieles durcheinander. Die Gef\u00fchle und die Gedanken sind zun\u00e4chst nur verwirrt. Deshalb erachte ich es als wichtig, dass alles nach dem Versterben des Angeh\u00f6rigen in Ruhe geschied.<\/p>\n<p>\u00dcberlegen Sie, wen Sie \u00fcber das Versterben des Angeh\u00f6rigen informieren wollen.<\/p>\n<p>Wem soll noch Gelegenheit gebenen werden sich vom Verstorbenen\u00a0zu verabschieden?<\/p>\n<p>Das informieren des Bestattungsunternehmens muss nicht der erste Schritt sein.<\/p>\n<p>In der Regel wird das Pfarramt vom Bestatter informiert und ein Termin f\u00fcr die Beerdigung wird vereinbart.<\/p>\n<p>Bei der \u00dcberf\u00fchrung ist der Pfarrer nicht dabei.<\/p>\n<p>Es ist gut, wenn sich die Hinterbliebenen vor der Beerdigung\u00a0mit dem Pfarrer zu einem Trauergespr\u00e4ch treffen.<\/p>\n<p>Ist bei einem Menschen abzusehen, dass er sterben wird, dann achten Sie bitte darauf, dass es gerade bei\u00a0machen der \u00e4lteren Katholiken\u00a0ein Anliegen sein k\u00f6nnte die Krankensalbung und die Krankenkommunion zu feiern. Sie k\u00f6nnen beim Pfarrer gerne danach fragen.<\/p>\n<p>Die Kosten einer Beerdigung sind \u00fcber das Pfarrb\u00fcro zu erfragen.<\/p>\n","protected":false},"excerpt":{"rendered":"<p>Mit Sterben,Tod und der Beerdigung eines Menschen umgehen? Der Tod eines Menschen bringt vieles durcheinander. Die Gef\u00fchle und die Gedanken sind zun\u00e4chst nur verwirrt. Deshalb erachte ich es als wichtig, dass alles nach dem Versterben des Angeh\u00f6rigen in Ruhe geschied. \u00dcberlegen Sie, wen Sie \u00fcber das Versterben des Angeh\u00f6rigen informieren wollen. Wem soll noch Gelegenheit [&hellip;]<\/p>\n","protected":false},"author":1,"featured_media":0,"parent":110,"menu_order":30,"comment_status":"closed","ping_status":"closed","template":"","meta":{"ngg_post_thumbnail":0,"footnotes":""},"class_list":["post-126","page","type-page","status-publish","hentry"],"publishpress_future_action":{"enabled":false,"date":"2026-05-06 02:54:27","action":"change-status","newStatus":"draft","terms":[],"taxonomy":""},"publishpress_future_workflow_manual_trigger":{"enabledWorkflows":[]},"_links":{"self":[{"href":"https:\/\/wp.patrick-pospischil.de\/sbpottenstein\/wp-json\/wp\/v2\/pages\/126","targetHints":{"allow":["GET"]}}],"collection":[{"href":"https:\/\/wp.patrick-pospischil.de\/sbpottenstein\/wp-json\/wp\/v2\/pages"}],"about":[{"href":"https:\/\/wp.patrick-pospischil.de\/sbpottenstein\/wp-json\/wp\/v2\/types\/page"}],"author":[{"embeddable":true,"href":"https:\/\/wp.patrick-pospischil.de\/sbpottenstein\/wp-json\/wp\/v2\/users\/1"}],"replies":[{"embeddable":true,"href":"https:\/\/wp.patrick-pospischil.de\/sbpottenstein\/wp-json\/wp\/v2\/comments?post=126"}],"version-history":[{"count":1,"href":"https:\/\/wp.patrick-pospischil.de\/sbpottenstein\/wp-json\/wp\/v2\/pages\/126\/revisions"}],"predecessor-version":[{"id":2652,"href":"https:\/\/wp.patrick-pospischil.de\/sbpottenstein\/wp-json\/wp\/v2\/pages\/126\/revisions\/2652"}],"up":[{"embeddable":true,"href":"https:\/\/wp.patrick-pospischil.de\/sbpottenstein\/wp-json\/wp\/v2\/pages\/110"}],"wp:attachment":[{"href":"https:\/\/wp.patrick-pospischil.de\/sbpottenstein\/wp-json\/wp\/v2\/media?parent=126"}],"curies":[{"name":"wp","href":"https:\/\/api.w.org\/{rel}","templated":true}]}}

<h2>Mit Sterben,Tod und der Beerdigung eines Menschen umgehen?</h2>
<p><a href="http://wp.patrick-pospischil.de/sbpottenstein/wp-content/uploads/sites/3/2010/10/70691629679271462225_166.jpg"><img loading="lazy" decoding="async" class="aligncenter size-full wp-image-159" title="Tod" src="https://wp.patrick-pospischil.de/sbpottenstein/wp-content/uploads/sites/3/2010/10/70691629679271462225_166.jpg" alt="" width="166" height="200" /></a></p>
<p>Der Tod eines Menschen bringt vieles durcheinander. Die Gefühle und die Gedanken sind zunächst nur verwirrt. Deshalb erachte ich es als wichtig, dass alles nach dem Versterben des Angehörigen in Ruhe geschied.</p>
<p>Überlegen Sie, wen Sie über das Versterben des Angehörigen informieren wollen.</p>
<p>Wem soll noch Gelegenheit gebenen werden sich vom Verstorbenen zu verabschieden?</p>
<p>Das informieren des Bestattungsunternehmens muss nicht der erste Schritt sein.</p>
<p>In der Regel wird das Pfarramt vom Bestatter informiert und ein Termin für die Beerdigung wird vereinbart.</p>
<p>Bei der Überführung ist der Pfarrer nicht dabei.</p>
<p>Es ist gut, wenn sich die Hinterbliebenen vor der Beerdigung mit dem Pfarrer zu einem Trauergespräch treffen.</p>
<p>Ist bei einem Menschen abzusehen, dass er sterben wird, dann achten Sie bitte darauf, dass es gerade bei machen der älteren Katholiken ein Anliegen sein könnte die Krankensalbung und die Krankenkommunion zu feiern. Sie können beim Pfarrer gerne danach fragen.</p>
<p>Die Kosten einer Beerdigung sind über das Pfarrbüro zu erfragen.</p>

<p>Mit Sterben,Tod und der Beerdigung eines Menschen umgehen? Der Tod eines Menschen bringt vieles durcheinander. Die Gefühle und die Gedanken sind zunächst nur verwirrt. Deshalb erachte ich es als wichtig, dass alles nach dem Versterben des Angehörigen in Ruhe geschied. Überlegen Sie, wen Sie über das Versterben des Angehörigen informieren wollen. Wem soll noch Gelegenheit [&hellip;]</p>
